{"id":123,"date":"2021-04-15T12:05:02","date_gmt":"2021-04-15T10:05:02","guid":{"rendered":"https:\/\/acca-group.info\/?page_id=123"},"modified":"2021-04-15T12:06:46","modified_gmt":"2021-04-15T10:06:46","slug":"gatcoms-projects","status":"publish","type":"page","link":"https:\/\/acca-group.info\/index.php\/projects\/gatcoms-projects\/","title":{"rendered":"GATCOM&#8217;s Projects"},"content":{"rendered":"\n<p class=\"has-large-font-size\"><br>National projects<\/p>\n\n\n\n<p><strong>T\u00e9cnicas para la aceleraci\u00f3n y mejora de aplicaciones multimedia y HPC<\/strong>&nbsp;Ministerio de Ciencia, Innovaci\u00f3n y Universidades (RTI2018-098156-B-C54), IP: Otoniel Mario Lopez Granado y Hector Migall\u00f3n Gomis, Inicio: 01\/01\/2019, Fin: 31\/12\/2021, N.\u00ba <\/p>\n\n\n\n<p>&nbsp;Our contribution to this project will be focused in the proposal of innovative techniques related to the following research topics: (a) speeding-up and optimization approaches to improve video coding standards, (b) techniques for improving the perceptual video quality improvement (c) improving the resilience of video delivery in wireless networks, and (d) development and optimization of scientific applications.<\/p>\n\n\n\n<p><strong>URL: <a href=\"http:\/\/atc.umh.es\/gatcom\/proyectos.php\" target=\"_blank\" rel=\"noreferrer noopener\">http:\/\/atc.umh.es\/gatcom\/proyectos.php<\/a><\/strong><\/p>\n","protected":false},"excerpt":{"rendered":"<p>National projects T\u00e9cnicas para la aceleraci\u00f3n y mejora de aplicaciones multimedia y HPC&nbsp;Ministerio de Ciencia, Innovaci\u00f3n y Universidades (RTI2018-098156-B-C54), IP: Otoniel Mario Lopez Granado y Hector Migall\u00f3n Gomis, Inicio: 01\/01\/2019, Fin: 31\/12\/2021, N.\u00ba &nbsp;Our contribution to this project will be focused in the proposal of innovative techniques related to the following research topics: (a) speeding-up [&hellip;]<\/p>\n","protected":false},"author":1,"featured_media":0,"parent":121,"menu_order":0,"comment_status":"closed","ping_status":"closed","template":"","meta":{"_et_pb_use_builder":"off","_et_pb_old_content":"","_et_gb_content_width":"","footnotes":""},"class_list":["post-123","page","type-page","status-publish","hentry"],"_links":{"self":[{"href":"https:\/\/acca-group.info\/index.php\/wp-json\/wp\/v2\/pages\/123","targetHints":{"allow":["GET"]}}],"collection":[{"href":"https:\/\/acca-group.info\/index.php\/wp-json\/wp\/v2\/pages"}],"about":[{"href":"https:\/\/acca-group.info\/index.php\/wp-json\/wp\/v2\/types\/page"}],"author":[{"embeddable":true,"href":"https:\/\/acca-group.info\/index.php\/wp-json\/wp\/v2\/users\/1"}],"replies":[{"embeddable":true,"href":"https:\/\/acca-group.info\/index.php\/wp-json\/wp\/v2\/comments?post=123"}],"version-history":[{"count":3,"href":"https:\/\/acca-group.info\/index.php\/wp-json\/wp\/v2\/pages\/123\/revisions"}],"predecessor-version":[{"id":126,"href":"https:\/\/acca-group.info\/index.php\/wp-json\/wp\/v2\/pages\/123\/revisions\/126"}],"up":[{"embeddable":true,"href":"https:\/\/acca-group.info\/index.php\/wp-json\/wp\/v2\/pages\/121"}],"wp:attachment":[{"href":"https:\/\/acca-group.info\/index.php\/wp-json\/wp\/v2\/media?parent=123"}],"curies":[{"name":"wp","href":"https:\/\/api.w.org\/{rel}","templated":true}]}}